common factor of 81 and k.
27
Let n be 1/(3/9) + 237 + 0. Let u be ((-1344)/(-280))/(4/50). Calculate the greatest common factor of n and u.
60
Let z(g) = -5*g + 4*g + 2*g + 8 - 4*g. Let v be z(0). Let r = v - 3. Calculate the highest common factor of 2 and r.
1
Suppose -5*l + 2*f + 693 + 1128 = 0, 0 = 5*l - f - 1823. Suppose 2*h = 6, 2*y - 3*h - 352 - l = 0. What is the greatest common divisor of 33 and y?
33
Let n = -141 - -148. Suppose n*s - 6*s = 3. What is the greatest common divisor of s and 99?
3
Suppose 2*p - 1097 = -3*s - 239, s + 6 = 0. Calculate the greatest common factor of p and 7738.
146
Suppose o - 4*w + 29 = 0, -15 = 81*o - 78*o - 3*w. Suppose -5*r + 57 = -183. What is the highest common divisor of o and r?
3
Let w(p) = -191*p + 438. Let d be w(2). Suppose -23*c + 196 = -22*c. What is the greatest common divisor of c and d?
28
Suppose -63*w = -66*w - 2*k + 1064, 5*k = -2*w + 724. Calculate the greatest common divisor of w and 220.
44
Suppose 10 = 5*x - 4*x. Let h(w) = -w**2 - 5*w + 9. Let t be h(-6). Suppose t*q - x = -3*i + 8, 2*q = 5*i - 9. What is the highest common factor of q and 2?
1
Suppose -6 = -3*q + 9. Suppose 5*l - o - 10 = 43, q*l + 2*o = 59. Suppose l - 15 = -t. Calculate the greatest common factor of t and 32.
4
Let r(g) = 2*g**2 + g - 1. Let s be r(2). Let h = 15970 + -15583. Calculate the greatest common divisor of s and h.
9
Let f = 2550 - 1997. What is the highest common factor of 21 and f?
7
Let i(o) = -4*o + 6 - 6*o + o**3 + 5*o**2 + 14*o. Let h be i(-4). Let d = -10 - -16. Calculate the greatest common factor of h and d.
6
Let v(a) = -a - 14 - a - 15. Let l be v(-17). Let f be (-30)/50 - (-13)/l. Calculate the highest common factor of 8 and f.
2
Suppose -5*a = -30 - 65. Suppose 4*s + 19 = -3*c, -45*s + 42*s = 3*c + 21. Let w(i) = 7*i + 158. Let d be w(c). What is the highest common factor of a and d?
19
Let y = -29 + 118. Let r = y + -55. What is the highest common factor of 170 and r?
34
Let z = 13594 + -7270. Calculate the greatest common divisor of z and 24.
12
Let b = -43 + 427. Suppose 0 = -2*i + 2*l + 301 - 53, -3*i + b = 3*l. What is the highest common divisor of 18 and i?
18
Suppose -85*n + 7336 + 28619 = 0. What is the greatest common divisor of 2397 and n?
141
Let g(b) = 3*b - 4. Let i be g(6). Suppose -9 = v - 2*f - 40, -5*v + f + 110 = 0. Suppose -v = -20*y + 19. Calculate the greatest common divisor of y and i.
2
Suppose 3*h - 10*f + 16*f = 2373, 0 = 3*h + 4*f - 2387. What is the highest common factor of h and 207?
23
Let h = -5354 - -5360. Calculate the greatest common divisor of 2103 and h.
3
Let s be 2/4*-25*(-102)/255. Suppose -4*y - 1 = -3*u, -s*y - 1 = -7*y + u. Calculate the highest common divisor of y and 39.
1
Let l(h) = 5*h**2 + 9*h + 4. Let s be l(-3). Suppose 4*v - v = 78. Let o = v + -15. Calculate the highest common factor of o and s.
11
Let i = 19 - -9. Let m be (-3)/2*i/(-3)*2. Calculate the greatest common divisor of m and 28.
28
Let v = -14 + 6. Let c = 56 - v. Suppose 12*d - 80 = 16. Calculate the greatest common factor of d and c.
8
Let z = 26 - 23. Suppose -26 = z*s + 73. Let b = s - -49. What is the highest common factor of b and 80?
16
Let z(q) = -14*q - 136. Let g be z(-11). What is the highest common divisor of g and 9?
9
Suppose 0 = 20*u - 24*u + 572. Let g(y) = -97*y + 1009. Let s be g(10). What is the greatest common divisor of u and s?
13
Let z = -18670 + 19984. Calculate the greatest common divisor of z and 153.
9
Let r(c) = 2*c - 4. Let g be r(10). Suppose -3*k = -g + 40. Let y(l) = -l**3 - 6*l**2 + 10*l - 8. Let u be y(k). What is the highest common divisor of 10 and u?
10
Let f(r) = -4*r + 230. Let v be f(43). Suppose 0 = 5*w - 4*y - 157, 2*y - 23 = -2*w + 29. What is the highest common divisor of w and v?
29
Let t be (-1160)/(-7) - 13*20/(-910). Calculate the greatest common factor of t and 5063.
83
Let p be 2109/(-185) + 6/15. Let s be (-3840)/(-264) - (18/p)/(-3). What is the highest common divisor of s and 1414?
14
Let n(h) = -h**2 + 8*h - 5. Let o = -66 + 73. Let a be n(o). Suppose -a*t + 0*t - 3*k = -13, 0 = -4*t - k + 51. Calculate the highest common factor of 98 and t.
14
Let d = 17993 + -17483. What is the greatest common divisor of 390 and d?
30
Let p = 120 - 110. Suppose 0 = p*v - 6*v - 2*i - 596, -747 = -5*v + 3*i. Calculate the greatest common factor of 42 and v.
21
Suppose -5*k + 1035 = 5*b, 10*k - 8*k + 3*b - 412 = 0. Let i be (11/2)/((-6)/(-12)). Calculate the greatest common divisor of k and i.
11
Let y(f) = -14*f - 170. Let x be y(-30). Suppose 12*m - 11*m = 100. Calculate the highest common factor of x and m.
50
Let s be 1*(-24)/(-3) + (-39)/((-156)/80). Let v(z) = 4*z**2 - 8*z - 12. Let m be v(-8). Calculate the highest common divisor of s and m.
28
Suppose -t + 9 = u - 140, 2*u = -3*t + 295. Suppose 5*f - i - 37 = 0, 10 = f + i - 1. Calculate the greatest common factor of u and f.
8
Let i = -14691 - -14883. Calculate the greatest common divisor of i and 2472.
24
Let g = -175 - -175. Let h be g/1 + 1 + 25. Let q(m) = -m**3 - 6*m**2 - 5*m - 6. Let i be q(-7). What is the highest common divisor of i and h?
26
Let d be (-9)/18 - (17/2 - -1). Let p be 4 - (-3)/(15/d). Suppose 3*z + 4*q = 1268, -7*z - q = -p*z - 2102. What is the highest common divisor of 60 and z?
60
Suppose -d + 22 = -3*j + 14, 4*j + 24 = 4*d. Let h be (-4)/3*(-3)/2. Suppose h*v = 33 + 77. Calculate the greatest common factor of d and v.
5
Suppose x = -5*x + 1206. Suppose 5*j - j - 231 = -5*i, x = 4*j - 5*i. Let b(s) = s**2 - 3*s - 4. Let d be b(-5). What is the highest common divisor of j and d?
18
Let p(o) = 10*o + 269. Suppose -2 = -4*v - 94. Let j be p(v). What is the highest common divisor of j and 91?
13
Suppose -4*k + 10128 = 10096. What is the highest common divisor of k and 776?
8
Let l = -712 - -1002. Calculate the greatest common factor of 2668 and l.
58
Suppose -15735 = -18*l + 11175. Calculate the highest common factor of 715 and l.
65
Let d(x) = 18*x**2 + x. Let b be d(3). Let w(f) = 494*f + 4506. Let q be w(-9). Calculate the greatest common factor of b and q.
15
Suppose 2*p + 462 = 4*c, 3*c - p = -2 + 348. Suppose 0 = r - 3*t - 45, 4*r = -0*r - t + c. Let d = 42 - r. Calculate the greatest common divisor of d and 84.
12
Let o be 9 - (22 - 16) - (-92 + 1). Suppose -4*a - 2*v = -14, -2*v = -a - a - 2. Calculate the greatest common divisor of o and a.
2
Let u = -22 + 31. Let v = -57 + 67. Let l be (-1 - -2) + (v - (0 + 2)). What is the highest common factor of u and l?
9
Let f(n) = 20*n**2 + 5*n. Suppose 0 = 15*r - 30. Let b be f(r). Suppose -78 - b = -4*s. What is the highest common factor of s and 14?
14
Let q(f) = -f**3 - 46*f**2 - 21*f - 262. Let z be q(-46). What is the greatest common divisor of z and 11?
11
Suppose 394 = y + 5*t, y - 2*t - 414 + 20 = 0. Let d = y + -378. Let k be (-2)/(-8) - (-318)/8. Calculate the highest common factor of k and d.
8
Let i(g) = 16*g**2 - 251*g - 343. Let h be i(17). Suppose 0 = -5*b - 3*z + 2185, 3*b + z = -3*z + 1322. Calculate the highest common factor of h and b.
14
Suppose -1706 = -m + 3*s, -68*s - 8430 = -5*m - 73*s. What is the greatest common factor of 445 and m?
89
Suppose -114 = -3*s - 3*r, 5*r = -2*s - 2*s + 156. Suppose -s*a - 120 = -37*a. Suppose -2*k + 4*k = 160. What is the highest common divisor of a and k?
40
Let i be (-5)/1*1595/(-275). Let c(l) = -3*l + 105. Let p be c(i). What is the greatest common divisor of 954 and p?
18
Let v(h) = -8*h + 80. Let r be v(10). Suppose -204 + r = -6*z. Calculate the highest common divisor of 272 and z.
34
Suppose 23*j - 13*j = 60. Let a(i) = 15*i**2 + 33*i - 7 - 35 - 16*i**2 - j*i. Let k be a(20). Calculate the highest common factor of 14 and k.
14
Let v be 6 + 20/(-10 - -5). Let i be ((-3)/(-3))/(v/254) - -5. What is the highest common divisor of 12 and i?
12
Suppose 14*j - 4024 - 792 = 0. What is the highest common factor of j and 559?
43
Suppose -6*d + 2585 - 767 = 0. Let i = d - 138. Calculate the greatest common factor of 10 and i.
5
Let v = 10623 - 10269. Let i be 42/12*12/7. Calculate the highest common divisor of i and v.
6
Let a = 223 - 52. Suppose 0 = -5*v + 121*y - 118*y + 98, y = -4*v + 75. Calculate the greatest common divisor of v and a.
19
Let n be 1/(64